{"id":2,"date":"2025-04-23T09:40:41","date_gmt":"2025-04-23T09:40:41","guid":{"rendered":"http:\/\/34.132.16.48\/?page_id=2"},"modified":"2026-03-26T08:44:58","modified_gmt":"2026-03-26T08:44:58","slug":"sample-page","status":"publish","type":"page","link":"https:\/\/granp.it\/","title":{"rendered":"Home"},"content":{"rendered":"\t\t<div data-elementor-type=\"wp-page\" data-elementor-id=\"2\" class=\"elementor elementor-2\">\n\t\t\t\t<div class=\"elementor-element elementor-element-daab95b e-flex e-con-boxed qodef-elementor-content-no e-con e-parent\" data-id=\"daab95b\" data-element_type=\"container\">\n\t\t\t\t\t<div class=\"e-con-inner\">\n\t\t<div class=\"elementor-element elementor-element-a21b089 e-con-full e-flex qodef-elementor-content-no e-con e-child\" data-id=\"a21b089\" data-element_type=\"container\">\n\t\t\t\t<div class=\"elementor-element elementor-element-75fb018 elementor-invisible elementor-widget elementor-widget-image\" data-id=\"75fb018\" data-element_type=\"widget\" data-settings=\"{&quot;_animation&quot;:&quot;rollIn&quot;}\" data-widget_type=\"image.default\">\n\t\t\t\t<div class=\"elementor-widget-container\">\n\t\t\t\t\t\t\t\t\t\t\t\t\t\t\t<img fetchpriority=\"high\" decoding=\"async\" width=\"768\" height=\"1024\" src=\"https:\/\/granp.it\/wp-content\/uploads\/2025\/04\/Artboard-1-768x1024.png\" class=\"attachment-large size-large wp-image-138\" alt=\"\" srcset=\"http:\/\/granp.it\/wp-content\/uploads\/2025\/04\/Artboard-1-768x1024.png 768w, http:\/\/granp.it\/wp-content\/uploads\/2025\/04\/Artboard-1-225x300.png 225w, http:\/\/granp.it\/wp-content\/uploads\/2025\/04\/Artboard-1-1152x1536.png 1152w, http:\/\/granp.it\/wp-content\/uploads\/2025\/04\/Artboard-1-600x800.png 600w, http:\/\/granp.it\/wp-content\/uploads\/2025\/04\/Artboard-1.png 1500w\" sizes=\"(max-width: 768px) 100vw, 768px\" \/>\t\t\t\t\t\t\t\t\t\t\t\t\t\t\t<\/div>\n\t\t\t\t<\/div>\n\t\t\t\t<div class=\"elementor-element elementor-element-cd6a092 elementor-invisible elementor-widget elementor-widget-image\" data-id=\"cd6a092\" data-element_type=\"widget\" data-settings=\"{&quot;_animation&quot;:&quot;wobble&quot;}\" data-widget_type=\"image.default\">\n\t\t\t\t<div class=\"elementor-widget-container\">\n\t\t\t\t\t\t\t\t\t\t\t\t\t\t\t<img decoding=\"async\" width=\"582\" height=\"300\" src=\"https:\/\/granp.it\/wp-content\/uploads\/2025\/04\/cropped-324567890.png\" class=\"attachment-large size-large wp-image-51\" alt=\"\" srcset=\"http:\/\/granp.it\/wp-content\/uploads\/2025\/04\/cropped-324567890.png 582w, http:\/\/granp.it\/wp-content\/uploads\/2025\/04\/cropped-324567890-300x155.png 300w\" sizes=\"(max-width: 582px) 100vw, 582px\" \/>\t\t\t\t\t\t\t\t\t\t\t\t\t\t\t<\/div>\n\t\t\t\t<\/div>\n\t\t\t\t<\/div>\n\t\t<div class=\"elementor-element elementor-element-9f0411c e-con-full e-flex qodef-elementor-content-no e-con e-child\" data-id=\"9f0411c\" data-element_type=\"container\">\n\t\t<div class=\"elementor-element elementor-element-fb4d1c0 e-con-full e-flex qodef-elementor-content-no e-con e-child\" data-id=\"fb4d1c0\" data-element_type=\"container\">\n\t\t\t\t<div class=\"elementor-element elementor-element-5e0b6f6 elementor-widget-divider--view-line elementor-widget elementor-widget-divider\" data-id=\"5e0b6f6\" data-element_type=\"widget\" data-widget_type=\"divider.default\">\n\t\t\t\t<div class=\"elementor-widget-container\">\n\t\t\t\t\t\t\t<div class=\"elementor-divider\">\n\t\t\t<span class=\"elementor-divider-separator\">\n\t\t\t\t\t\t<\/span>\n\t\t<\/div>\n\t\t\t\t\t\t<\/div>\n\t\t\t\t<\/div>\n\t\t\t\t<div class=\"elementor-element elementor-element-0f0cb2a elementor-widget elementor-widget-text-editor\" data-id=\"0f0cb2a\" data-element_type=\"widget\" data-widget_type=\"text-editor.default\">\n\t\t\t\t<div class=\"elementor-widget-container\">\n\t\t\t\t\t\t\t\t\t<p><span style=\"font-family: 'courier new', courier;\">Il Centro Estivo Granp \u00e8 uno spazio pensato per offrire ai ragazzi molto pi\u00f9 di un semplice intrattenimento: un\u2019esperienza completa, educativa e coinvolgente.<\/span><\/p><p><span style=\"font-family: 'courier new', courier;\">Non si tratta solo di un centro estivo, ma di un vero e proprio progetto culturale, costruito per far emergere il potenziale di ogni bambino. Attraverso un autentico \u201cViaggio di Scoperta\u201d, accompagneremo i ragazzi a conoscere s\u00e9 stessi, sviluppare autostima e coltivare la propria creativit\u00e0, il tutto in un ambiente sereno, stimolante e a contatto con la natura.<\/span><\/p><p><span style=\"font-family: 'courier new', courier;\">Il programma unisce sport e attivit\u00e0 educative in modo equilibrato e dinamico. I ragazzi potranno sperimentare corsi di nuoto, karate, ginnastica artistica, rugby e breakdance, alternandoli a momenti dedicati all\u2019inglese, ai percorsi motori e ai giochi, sia da tavolo che di squadra. Non mancheranno il supporto nei compiti, le letture ad alta voce e i laboratori, dove creativit\u00e0 e manualit\u00e0 si incontrano attraverso attivit\u00e0 artistiche con materiali di riciclo e laboratori di cucina.<\/span><\/p><p><span style=\"font-family: 'courier new', courier;\">Ogni giornata sar\u00e0 costruita per alternare movimento e riflessione, perch\u00e9 crescere significa anche fermarsi, ascoltarsi e condividere esperienze autentiche.<\/span><\/p><p><span style=\"font-family: 'courier new', courier;\">Dove: Castelnuovo di Assisi (presso la Pro Loco)<\/span><\/p><p><span style=\"font-family: 'courier new', courier;\">Vista la grande richiesta, i posti sono limitati.<\/span><\/p><p><span style=\"font-family: 'courier new', courier;\">Un\u2019occasione unica per vivere un\u2019estate diversa, fatta di scoperte, relazioni e nuove passioni.<\/span><\/p>\t\t\t\t\t\t\t\t<\/div>\n\t\t\t\t<\/div>\n\t\t\t\t<div class=\"elementor-element elementor-element-f1aa967 elementor-widget elementor-widget-button\" data-id=\"f1aa967\" data-element_type=\"widget\" data-widget_type=\"button.default\">\n\t\t\t\t<div class=\"elementor-widget-container\">\n\t\t\t\t\t\t\t\t\t<div class=\"elementor-button-wrapper\">\n\t\t\t\t\t<a class=\"elementor-button elementor-button-link elementor-size-sm\" href=\"?page_id=241\">\n\t\t\t\t\t\t<span class=\"elementor-button-content-wrapper\">\n\t\t\t\t\t\t<span class=\"elementor-button-icon\">\n\t\t\t\t<svg aria-hidden=\"true\" class=\"e-font-icon-svg e-fas-arrow-right\" viewBox=\"0 0 448 512\" xmlns=\"http:\/\/www.w3.org\/2000\/svg\"><path d=\"M190.5 66.9l22.2-22.2c9.4-9.4 24.6-9.4 33.9 0L441 239c9.4 9.4 9.4 24.6 0 33.9L246.6 467.3c-9.4 9.4-24.6 9.4-33.9 0l-22.2-22.2c-9.5-9.5-9.3-25 .4-34.3L311.4 296H24c-13.3 0-24-10.7-24-24v-32c0-13.3 10.7-24 24-24h287.4L190.9 101.2c-9.8-9.3-10-24.8-.4-34.3z\"><\/path><\/svg>\t\t\t<\/span>\n\t\t\t\t\t\t\t\t\t<span class=\"elementor-button-text\">Iscrizioni 2026<\/span>\n\t\t\t\t\t<\/span>\n\t\t\t\t\t<\/a>\n\t\t\t\t<\/div>\n\t\t\t\t\t\t\t\t<\/div>\n\t\t\t\t<\/div>\n\t\t\t\t<\/div>\n\t\t\t\t<\/div>\n\t\t\t\t\t<\/div>\n\t\t\t\t<\/div>\n\t\t<div class=\"elementor-element elementor-element-e5d5ca8 e-flex e-con-boxed qodef-elementor-content-no e-con e-parent\" data-id=\"e5d5ca8\" data-element_type=\"container\">\n\t\t\t\t\t<div class=\"e-con-inner\">\n\t\t\t\t\t<\/div>\n\t\t\t\t<\/div>\n\t\t<div class=\"elementor-element elementor-element-6894ea2 e-flex e-con-boxed qodef-elementor-content-no e-con e-parent\" data-id=\"6894ea2\" data-element_type=\"container\">\n\t\t\t\t\t<div class=\"e-con-inner\">\n\t\t\t\t\t<\/div>\n\t\t\t\t<\/div>\n\t\t\t\t<\/div>\n\t\t","protected":false},"excerpt":{"rendered":"<p>Il Centro Estivo Granp \u00e8 uno spazio pensato per offrire ai ragazzi molto pi\u00f9 di un semplice intrattenimento: un\u2019esperienza completa, educativa e coinvolgente. Non si tratta solo di un centro estivo, ma di un vero e proprio progetto culturale, costruito per far emergere il potenziale di ogni bambino. Attraverso un autentico \u201cViaggio di Scoperta\u201d, accompagneremo [&hellip;]<\/p>\n","protected":false},"author":1,"featured_media":0,"parent":0,"menu_order":0,"comment_status":"closed","ping_status":"open","template":"","meta":{"footnotes":""},"class_list":["post-2","page","type-page","status-publish","hentry"],"jetpack_sharing_enabled":true,"_links":{"self":[{"href":"https:\/\/granp.it\/index.php?rest_route=\/wp\/v2\/pages\/2","targetHints":{"allow":["GET"]}}],"collection":[{"href":"https:\/\/granp.it\/index.php?rest_route=\/wp\/v2\/pages"}],"about":[{"href":"https:\/\/granp.it\/index.php?rest_route=\/wp\/v2\/types\/page"}],"author":[{"embeddable":true,"href":"https:\/\/granp.it\/index.php?rest_route=\/wp\/v2\/users\/1"}],"replies":[{"embeddable":true,"href":"https:\/\/granp.it\/index.php?rest_route=%2Fwp%2Fv2%2Fcomments&post=2"}],"version-history":[{"count":224,"href":"https:\/\/granp.it\/index.php?rest_route=\/wp\/v2\/pages\/2\/revisions"}],"predecessor-version":[{"id":488,"href":"https:\/\/granp.it\/index.php?rest_route=\/wp\/v2\/pages\/2\/revisions\/488"}],"wp:attachment":[{"href":"https:\/\/granp.it\/index.php?rest_route=%2Fwp%2Fv2%2Fmedia&parent=2"}],"curies":[{"name":"wp","href":"https:\/\/api.w.org\/{rel}","templated":true}]}}